
Is 213383 prime?
True
Is 1089419 prime?
False
Is 48349 a prime number?
False
Is 2605 a composite number?
True
Is 95597 a composite number?
False
Is 30599 a prime number?
False
Is 120415 a prime number?
False
Is 2433 prime?
False
Is 2843 prime?
True
Is 43198 composite?
True
Is 35201 a prime number?
True
Is 70481 a composite number?
False
Is 6297 a prime number?
False
Is 2897 composite?
False
Is 4833109 prime?
True
Is 4421 composite?
False
Is 613897 prime?
False
Is 25913 prime?
True
Is 4406 a prime number?
False
Is 40673 prime?
False
Is 4771 a composite number?
True
Is 9073 a composite number?
True
Is 35671 prime?
True
Is 54667 a composite number?
False
Is 146735 a prime number?
False
Is 3589 prime?
False
Is 809 composite?
False
Is 6947 prime?
True
Is 53779 composite?
True
Is 281243 a composite number?
False
Is 81709 prime?
False
Is 72763 prime?
True
Is 8209 composite?
False
Is 909671 prime?
False
Is 2631 composite?
True
Is 22901 a prime number?
True
Is 30019 composite?
True
Is 4299 prime?
False
Is 11383 composite?
False
Is 14215 a composite number?
True
Is 1838 a prime number?
False
Is 293123 a prime number?
True
Is 67953 composite?
True
Is 66331 prime?
False
Is 1031 composite?
False
Is 9863 a prime number?
False
Is 293899 a prime number?
True
Is 4045 prime?
False
Is 8923 a composite number?
False
Is 53777 a composite number?
False
Is 89561 a prime number?
True
Is 44753 prime?
True
Is 460823 a prime number?
False
Is 183457 a composite number?
True
Is 1151 a composite number?
False
Is 77339 a prime number?
True
Is 140903 prime?
False
Is 115 a prime number?
False
Is 308263 a composite number?
False
Is 794545 composite?
True
Is 10169 composite?
False
Is 119999 prime?
False
Is 706595 a composite number?
True
Is 149453 a composite number?
True
Is 360181 a prime number?
True
Is 467279 a prime number?
False
Is 88531 composite?
True
Is 683957 a prime number?
True
Is 47941 composite?
True
Is 20477 a prime number?
True
Is 12053 a composite number?
True
Is 41467 a composite number?
False
Is 96257 prime?
False
Is 2792067 a composite number?
True
Is 6709 composite?
False
Is 710599 a composite number?
False
Is 28685 prime?
False
Is 203537 prime?
False
Is 491681 prime?
False
Is 1392269 a prime number?
True
Is 426469 a composite number?
False
Is 26077 composite?
True
Is 823637 a prime number?
True
Is 30181 a composite number?
False
Is 17463 a prime number?
False
Is 5089 a composite number?
True
Is 1333 composite?
True
Is 432805 composite?
True
Is 11449 prime?
False
Is 726433 a prime number?
False
Is 11611 prime?
False
Is 38507 prime?
False
Is 32599 a prime number?
False
Is 14397 prime?
False
Is 99707 a prime number?
True
Is 177481 prime?
True
Is 52771 composite?
True
Is 26485 a prime number?
False
Is 655 a composite number?
True
Is 17881 a prime number?
True
Is 445457 composite?
True
Is 175166 prime?
False
Is 22229 composite?
False
Is 3706414 a composite number?
True
Is 1748113 a composite number?
False
Is 1313 prime?
False
Is 90671 a composite number?
True
Is 9533 prime?
True
Is 7283 prime?
True
Is 12379 prime?
True
Is 55669 a composite number?
True
Is 142999 a composite number?
True
Is 420851 prime?
True
Is 19123 a composite number?
True
Is 56843 prime?
True
Is 13259 a prime number?
True
Is 543091 a prime number?
False
Is 68473 a prime number?
True
Is 4367 prime?
False
Is 1201447 composite?
True
Is 781591 prime?
False
Is 63913 prime?
True
Is 250169 composite?
False
Is 4099 a composite number?
False
Is 229339 a composite number?
True
Is 1607098 prime?
False
Is 452897 composite?
True
Is 16333 a composite number?
False
Is 8743 prime?
False
Is 39143 prime?
False
Is 29717 a composite number?
False
Is 4583 prime?
True
Is 40151 a composite number?
False
Is 185359 composite?
False
Is 293 a composite number?
False
Is 505667 composite?
True
Is 841 a composite number?
True
Is 20489 composite?
True
Is 54941 composite?
False
Is 1823 a composite number?
False
Is 2183 prime?
False
Is 7507 a prime number?
True
Is 8986 composite?
True
Is 889 prime?
False
Is 209927 composite?
False
Is 20261 composite?
False
Is 807589 composite?
True
Is 47249 a composite number?
True
Is 18187 composite?
True
Is 56251 a composite number?
True
Is 235453 prime?
False
Is 2329 a prime number?
False
Is 175853 a composite number?
False
Is 218347 prime?
False
Is 4819 a composite number?
True
Is 2797255 composite?
True
Is 17257 a prime number?
True
Is 81527 prime?
True
Is 160453 composite?
False
Is 3403 a composite number?
True
Is 14999 prime?
False
Is 1858 composite?
True
Is 50441 a composite number?
False
Is 18131 a prime number?
True
Is 2642039 prime?
True
Is 5779 a composite number?
False
Is 333821 prime?
True
Is 98561 prime?
True
Is 29066 prime?
False
Is 40231 a prime number?
True
Is 94219 prime?
True
Is 106073 a composite number?
True
Is 228383 composite?
False
Is 51941 a composite number?
False
Is 4136713 prime?
False
Is 223 a prime number?
True
Is 10967 a composite number?
True
Is 12889 prime?
True
Is 56299 composite?
False
Is 3094415 a prime number?
False
Is 4645 prime?
False
Is 15802 prime?
False
Is 15877 composite?
False
Is 27473 composite?
True
Is 25397 a prime number?
False
Is 225089 a composite number?
False
Is 1874941 a composite number?
False
Is 3691 composite?
False
Is 3413 a prime number?
True
Is 77839 a prime number?
True
Is 3299 a prime number?
True
Is 12829 a composite number?
False
Is 5077 a prime number?
True
Is 227207 a prime number?
True
Is 3223 composite?
True
Is 67693 a composite number?
True
Is 371 composite?
True
Is 16837 a prime number?
False
Is 4327 a prime number?
True
Is 1166689 a prime number?
False
Is 31133 a prime number?
False
Is 1973 composite?
False
Is 56423 a prime number?
False
Is 170161 composite?
True
Is 15053 composite?
False
Is 223697 prime?
True
Is 338134 prime?
False
Is 1163987 a prime number?
False
Is 3101 prime?
False
Is 13907 composite?
False
Is 841 prime?
False
Is 34063 prime?
False
Is 2203 a composite number?
False
Is 22951 a prime number?
False
Is 1119191 a composite number?
True
Is 179489 composite?
True
Is 490097 prime?
True
Is 118466 prime?
False
Is 20861 prime?
False
Is 716531 a prime number?
True
Is 3954649 prime?
True
Is 5006 prime?
False
Is 609487 composite?
False
Is 6913 a composite number?
True
Is 25733 prime?
True
Is 1753 composite?
False
Is 893287 a prime number?
False
Is 8923 a composite number?
False
Is 269017 a composite number?
True
Is 51307 a composite number?
False
Is 15049 a composite number?
True
Is 2257 a prime number?
False
Is 13261 a prime number?
False
Is 19711 a composite number?
True
Is 125327 a prime number?
False
Is 81509 a prime number?
True
Is 6743 composite?
True
Is 429593 a composite number?
True
Is 266699 a prime number?
False
Is 60469 a composite number?
True
Is 1631 prime?
False
Is 7183 a composite number?
True
Is 16253 a composite number?
False
Is 82223 prime?
True
Is 19121 prime?
True
Is 29483 a prime number?
True
Is 8227 composite?
True
Is 178 composite?
True
Is 718801 composite?
False
Is 9127 a composite number?
False
Is 7283 composite?
False
Is 12449 composite?
True
Is 3838921 a composite number?
False
Is 25385 a composite number?
True
Is 3891 a prime number?
False
Is 869221 prime?
False
Is 3977 composite?
True
Is 54811 a composite number?
True
Is 108169 a composite number?
True
Is 315026 composite?
True
Is 17687 a prime number?
False
Is 1439 a prime number?
True
Is 531521 a prime number?
True
Is 45233 a prime number?
True
Is 183797 composite?
False
Is 1310233 a composite number?
False
Is 2993 composite?
True
Is 1361 a composite number?
False
Is 204469 a prime number?
False
Is 2779097 composite?
False
Is 14585 a prime number?
False
Is 201307 a composite number?
False
Is 37731 a prime number?
False
Is 127447 prime?
True
Is 11657 a prime number?
True
Is 105319 a prime number?
True
Is 5773 a composite number?
True
Is 29059 prime?
True
Is 191621 a prime number?
True
Is 1271 a composite number?
True
Is 23509 composite?
False
Is 3319861 a prime number?
True
Is 301571 a composite number?
True
Is 3213377 a prime number?
True
Is 4006 a prime number?
False
Is 408997 a prime number?
True
Is 14681 composite?
True
Is 19853 a prime number?
True
Is 71249 prime?
True
Is 152489 a composite number?
True
Is 415 composite?
Tr